he tens digit of r(9)?
2
Suppose -1050 = -2*n + 2*a, 0 = n + 2*a - 5*a - 515. What is the hundreds digit of n?
5
Suppose -5*o = 3*d, o + 31 = 3*o - 5*d. Suppose -2*s + 117 = 3*v, o*s - 2*v = -0*v + 195. What is the tens digit of s?
6
Let l = 10 + -8. Suppose 0 = 2*a - 2*f - 842, l*a - 391 = a - 5*f. What is the units digit of a/28 - 1/(-7)?
5
Let a be (1 + -305)*3/6. Let y = -75 - a. What is the tens digit of y?
7
Let h(j) = -j**2 - 4*j + 2. Let f be h(-4). Suppose 3*y - f*g - 271 = -3*g, g = -y + 91. What is the units digit of y?
0
Suppose 0 = 6*u + 165 + 363. Let s = 33 - u. What is the tens digit of s?
2
Let u = -7618 - -10908. Suppose -3*p + 17*p = u. What is the tens digit of p?
3
Suppose -3*l + 146 = -2*y, 6*l = 9*l + 4*y - 176. Let r = l - -103. What is the tens digit of r?
5
Suppose -485 - 175 = -5*m. What is the units digit of (5/(-3))/(1/m*-4)?
5
Let o = 12649 - 7456. What is the thousands digit of o?
5
Let p be 3 + 0 + (-11 + 3 - 0). Let a(m) = -m**3 - 4*m**2 - 4*m - 5. What is the tens digit of a(p)?
4
Suppose -11*p + 9*p + 86 = 0. What is the units digit of p?
3
Let o be (-20)/(-40)*20/2. Suppose -o*b + 25 = 4*c, c + b = -0*b + 5. Suppose -s - 5*s + 144 = c. What is the tens digit of s?
2
Let v(p) = -2*p + 2. Let s be v(-1). Let b be (-168)/70*(-10)/s. What is the units digit of (2/b)/((-15)/(-135))?
3
Let j be 4/10 + (-1 - (-10689)/15). Suppose 0*r - 8*r = -j. What is the tens digit of r?
8
Suppose 103 = d - 5*h, -14*d - 3*h + 297 = -10*d. What is the units digit of d?
8
Let p = 3 + -1. Suppose p*j = 4*j - 6. Suppose -j*f = 49 - 154. What is the tens digit of f?
3
Suppose -3*q - 12 = 0, 2*q = 4*z + 4*q + 32. Let j(s) = -s**3 - 6*s**2 - 3*s. What is the units digit of j(z)?
8
Let j = -10 - -16. Suppose 0 = j*v - v + 3*c + 14, 3*v = -5*c - 2. What is the tens digit of (16/v)/((-1)/8)?
3
Let r(v) = -v**3 + 25*v**2 - 33*v - 2. What is the hundreds digit of r(10)?
1
Let r = -14 + 28. Let l(x) = -4*x - 137*x**2 + 138*x**2 - 4 + r. What is the tens digit of l(5)?
1
Let w be (140/(-16))/(-7)*1108. Suppose -4*i = -9*i + w. What is the tens digit of i?
7
Suppose -3*i + 0*i + 166 = 4*s, 0 = -4*i + s + 253. Let g = i + -102. What is the units digit of (208/g)/((-4)/10)?
3
Let s(j) = j + 27. Let a be s(-10). Suppose 4*h + 3 + 1 = 0. Let t = h + a. What is the tens digit of t?
1
Let t(c) = -4*c + 39. Let z be t(8). Suppose z*j = 589 + 545. What is the tens digit of j?
6
Let t be (-12*140/21)/((-1)/1). Suppose -5*p + t = -p. What is the tens digit of p?
2
Let h(t) = 83*t**2 - 5*t + 4. What is the units digit of h(-2)?
6
Let a be (-5)/(-3 - (-136)/44). Let d = -22 - a. Suppose -x - 2*h + d = 2*h, -5*h = -20. What is the tens digit of x?
1
Let u(x) = x**2 - 1 - x - x**3 - 2*x**3 - 7*x**3. Suppose -16*s + 8 = -24*s. What is the units digit of u(s)?
1
Suppose -n + 13 + 8 = 0. Let w be 1/(-3) - (-7)/n. Let u(f) = -f**2 + f + 23. What is the tens digit of u(w)?
2
What is the tens digit of (-1209)/(-6) - (-3 + (-6)/(-4))?
0
Suppose 5*v = 93*g - 92*g - 373, 361 = g - v. What is the hundreds digit of g?
3
Let h = -45 - -53. Suppose -h*i + 45 = -1403. What is the units digit of i?
1
Let c be 140/12 - 1/(-3). Let x(d) = -d**2 + 14*d + 14. What is the units digit of x(c)?
8
Let v = 178 + -36. What is the hundreds digit of v?
1
Let h(u) = -u + 4. Let f be h(6). Suppose -k - 7 = 4*p + 4*k, 0 = 2*p + 4*k + 8. What is the units digit of 8 + p + f*2?
6
Suppose 4 = 2*t - 0. Let b(c) = c + 5*c**t - 6*c**2 + 7*c + 1. What is the tens digit of b(6)?
1
Let r = -417 - -586. What is the hundreds digit of r?
1
Let t = -2034 - -2869. What is the units digit of t?
5
Let t(v) be the first derivative of 4 + 27*v + 1/2*v**2. What is the tens digit of t(0)?
2
Suppose -18053 = -21*s + 7. What is the tens digit of s?
6
Suppose u + 1927 - 738 = t, -5*u = 4*t - 4729. What is the units digit of t?
6
Let q(x) = 14*x**2 - 15*x + 62. What is the thousands digit of q(10)?
1
Let z = 4898 + -3134. What is the units digit of z?
4
Let a be (-9)/(-60)*-4 + (-417)/5. Let p = 199 + a. What is the units digit of p?
5
What is the tens digit of (-84)/63 - (-3316)/3?
0
Suppose 12*b = 9152 + 9052. What is the hundreds digit of b?
5
Let a = -713 - -1034. What is the hundreds digit of a?
3
Suppose 0 = n + 11 - 14. Suppose -3*h - q = -588, 2*h - n*h + 212 = -5*q. What is the units digit of h?
7
Let s(u) = 2*u**3 - 30*u**2 + 3*u - 48. What is the tens digit of s(17)?
5
Suppose -5*l = -30 - 55. Suppose -5 = 5*k - 20. Let b = l - k. What is the tens digit of b?
1
Suppose -548 = -z - 3*g, 5*z - 8*z - 3*g + 1638 = 0. What is the hundreds digit of z?
5
Let h = -16 - -59. Let y be (h/(-2))/(5/(-10)). Suppose -13 = t - y. What is the tens digit of t?
3
Let w(p) = p**3 - 7*p**2 - 9*p + 11. Let q be w(8). Suppose q*r - 3*v - 39 = 99, 2*v = 4. What is the tens digit of r?
4
Let l be 2*3/15*10. Suppose 0 = h + l, -3*g + 188 = g + 4*h. What is the tens digit of g?
5
Let f = -7 + 16. Let q(m) = -11*m**3 + 2 + 4 + f*m**3 + 3*m**3 - m + m**2. What is the units digit of q(0)?
6
Let y(f) = 2 + 5 - 43*f - 3 + 1. What is the tens digit of y(-7)?
0
What is the tens digit of 43286/14 - 120/140?
9
Suppose 7 = 4*g - 9. What is the units digit of (3 - 62)*(-4)/g?
9
Let v(b) = 2*b**3 - 3*b**2 + 7*b - 1. What is the units digit of v(5)?
9
Let h = -685 + 635. Let t be (-9)/(((-2)/(-1))/18). Let f = h - t. What is the tens digit of f?
3
What is the tens digit of ((-2088)/16 - 6)/(3/(-4))?
8
Let w(t) = 157*t**2 + 2. Let u be w(1). Let x = u + -25. What is the hundreds digit of x?
1
Let u(k) = k + 25. Let j be u(-11). Let p be ((-3)/6)/(3/(-18)). Suppose 2*x = p*x - j. What is the tens digit of x?
1
Let t(c) = -4*c**2 - 17*c - 1. Let l be t(-7). Let o = l + 139. What is the tens digit of o?
6
Let s = -2289 + 3294. What is the tens digit of s?
0
Let t = 470 - -800. What is the thousands digit of t?
1
Let p be (3 - (2 - -1)) + 2. Suppose p*j = 3*x + 19, 0 = 5*j + 2*x - 3*x - 15. Suppose -j*u - t + 59 = -0*t, -t - 69 = -2*u. What is the units digit of u?
2
Let i(p) = 5*p + 27. Let k be i(-4). What is the tens digit of 1405/k - ((-12)/(-7) + -2)?
0
Suppose -4*b - 150 = -18. Let y = b + 51. What is the units digit of y?
8
Let c(w) = 35*w**2 - 11*w - 88. What is the tens digit of c(-6)?
3
Let b(n) = n**3 + 20*n**2 - 6*n - 8. What is the tens digit of b(-6)?
3
Suppose -15*v + 15079 = 2*v. What is the tens digit of v?
8
Let g = 19 + 36. Let l = g + -12. What is the units digit of l?
3
Suppose -5260 - 2930 = -45*c. What is the units digit of c?
2
Let u = 722 + 1103. What is the units digit of u?
5
Suppose y = -4*y - 4*z + 164, 3*y = 5*z + 91. Suppose o + 5*s = 69, -o + y + 40 = 2*s. What is the units digit of o?
4
Let b = -82 + 76. What is the hundreds digit of b/(-9) + (-818)/(-6)?
1
Suppose 0 = 5*i - 6 - 4, 0 = -5*m - 4*i + 373. What is the units digit of m*(4 + -2 + -1)?
3
Let f(l) = l**3 + 7*l**2 - l + 3. Let d be (-44)/6 + (-4)/(-12). Let k be f(d). Suppose i - k = -4*i. What is the units digit of i?
2
Let n = 15 + -30. What is the units digit of 65*((-42)/n - 2)?
2
Suppose 0*v = -v + 4*o + 439, -2*v = -4*o - 858. What is the units digit of v?
9
Let m(h) be the first derivative of h**6/360 - h**5/40 + 13*h**4/24 + h**3 + 4. Let s(c) be the third derivative of m(c). What is the tens digit of s(6)?
3
Let n(v) = 4*v + 12. Let w(f) be the second derivative of f**3/6 + f**2/2 + 2*f. Let u(c) = n(c) - 5*w(c). What is the tens digit of u(-12)?
1
Let p(x) = -185*x + 135. What is the tens digit of p(-4)?
7
Suppose 51*l - 32*l - 21584 = 0. What is the tens digit of l?
3
Let v = 2117 + -1667. What is the hundreds digit of v?
4
Suppose 5*p + 8881 = 4*q, 5*p - 8911 = -10*q + 6*q. What is the thousands digit of q?
2
Let o be 0 + 75/5*1. What is the units digit of (-42)/(-2)*5/o?
7
Suppose 4*n = -d + 826, -5*d + 1291 + 2839 = -5*n. What is the hundreds digit of d?
8
Suppose 0 = -c + 2*z + 325, 346 - 22 = c - z. What is the tens digit of c?
2
Suppose -4*m + 396 + 420 = 0. What is the hundreds digit of m?
2
Let g(c) = -c**3 - 9*c**2 - 12*c - 1. Let r be g(-8). Suppose r*k = 26*k + 720. What is the units digit of k?
4
Let u = -1533 + 2205. What is the units digit of u?
2
Let c = 3013 - 1726. What is the thousands digit of c?
1
Let i = -15 + 19. 